{"id":33,"date":"2011-06-21T16:49:12","date_gmt":"2011-06-21T15:49:12","guid":{"rendered":"http:\/\/www.lacasadellartista.com\/blog\/?page_id=33"},"modified":"2011-07-12T20:04:41","modified_gmt":"2011-07-12T19:04:41","slug":"la-casa-dellartista","status":"publish","type":"page","link":"https:\/\/www.lacasadellartista.com\/blog\/it\/","title":{"rendered":"la Casa dell&#8217;Artista"},"content":{"rendered":"\n<div style=\"\">\n<g:plusone size=\"standard\" count=\"true\"><\/g:plusone>\n<\/div>\n<h3 style=\"text-align: justify;\">Perch\u00e8 la Casa dell&#8217;Artista?<img loading=\"lazy\" class=\"size-full wp-image-418 alignright\" title=\"Silvestro Cisbani\" src=\"http:\/\/www.lacasadellartista.com\/blog\/wp-content\/uploads\/2011\/06\/Silci1.jpg\" alt=\"Silvestro Cisbani in arte &quot;Silci&quot;\" width=\"224\" height=\"349\" \/><\/h3>\n<p style=\"text-align: justify;\">Mio padre, <strong>Silvestro Cisbani<\/strong>, in arte &#8220;<strong>Silci<\/strong>&#8221; \u00e8 stata forse la persona pi\u00f9 eclettica da me incontrata; i suoi interessi hanno spaziato dalla pittura, alla scultura passando per l&#8217;architettura e con essi ha plasmato la sua Casa che \u00e8 infatti imbevuta di tutte le sue conoscenze artistiche, tecnologiche e filosofiche; Dotato di una grande mente matematica riusciva a <strong>conciliare la funzionalit\u00e0 con la bellezza<\/strong>; <img loading=\"lazy\" class=\"size-full wp-image-421 alignleft\" title=\"sculture\" src=\"http:\/\/www.lacasadellartista.com\/blog\/wp-content\/uploads\/2011\/06\/272781_2036742969789_1580688480_1930546_2404518_o-e1310035186661.jpg\" alt=\"\" width=\"300\" height=\"192\" \/>in ogni angolo \u00e8 possibile ammirare un suo dipinto o una sua scultura di legno o terracotta, inserite con naturalezza negli ambienti di vita quotidiana, i quali sfruttano gli spazi in un continuo ed armonico raccordo di pieni e di vuoti.<\/p>\n<h3><\/h3>\n<h3><\/h3>\n<h3><\/h3>\n<p>&nbsp;<\/p>\n<p>&nbsp;<\/p>\n<h3>La casa come &#8220;<em>agor\u00e0<\/em>&#8221; e la matematica applicata<\/h3>\n<p style=\"text-align: justify;\">La filosofia che permea la Casa \u00e8 quella della <strong>comunicazione<\/strong>: gli spazi comuni (soggiorno, salone, ingresso e sala lettura)\u00a0 sono in realt\u00e0 la suddivisione di un unico grande\u00a0 ambiente<em>, <\/em>una sorta di<em> &#8220;agor\u00e0&#8221;<\/em> il luogo per eccellenza del libero scambio di<strong> idee ed argomenti<\/strong>, concetto legato a doppio filo a quello di <strong>ospitalit\u00e0<\/strong>.<em><br \/>\n<\/em><\/p>\n<h3 style=\"text-align: justify;\"><img loading=\"lazy\" class=\"alignleft size-full wp-image-464\" title=\"la scala a chiocciola\" src=\"http:\/\/www.lacasadellartista.com\/blog\/wp-content\/uploads\/2011\/06\/scalaachiocciola.jpg\" alt=\"\" width=\"194\" height=\"357\" \/><\/h3>\n<p style=\"text-align: justify;\"><em>&#8220;Non c&#8217;\u00e8 certezza nella scienza se la matematica non pu\u00f2 esservi applicata, o se non vi \u00e8 comunque in relazione<\/em>&#8221; disse Leonardo. Non so se mio padre avesse mai letto questa massima, so soltanto che egli ha seguito per tutta la sua vita la <strong>via di rigore e verit\u00e0<\/strong> rappresentata dalla matematica applicandola alla materia; una documentazione tangibile di ci\u00f2 pu\u00f2 essere ritrovata in vari particolari della Casa: nel <strong>controsoffitto <\/strong>del Salone in cui \u00e8 presente un <strong><a href=\"http:\/\/it.wikipedia.org\/wiki\/Rettangolo_aureo\" target=\"_blank\">rettangolo Aureo<\/a><\/strong>; oppure nella audace soluzione della <strong>Scala a Chiocciola<\/strong>, che cela in s\u00e9 un piccolo <strong>enigma<\/strong>, che proponiamo sempre ai nostri ospiti.<\/p>\n<p style=\"text-align: justify;\">Alla sua scomparsa, mi sono trovato a dover gestire un <strong>tesoro<\/strong>, fatto non solo di opere d&#8217;arte, ma<strong> <\/strong> anche e soprattutto di<strong> conoscenza<\/strong>. Decisi quindi di aprire la Casa dell&#8217;Artista al pubblico per far conoscere le opere e le qualit\u00e0 di quest&#8217;uomo fuori dal comune e per condividere quanto egli mi ha tramandato. La via pi\u00f9 naturale per riuscirci senza trasformare gli ambienti in uno statico museo, era quella di creare una struttura di accoglienza, come \u00e8 appunto un <strong>B&amp;B, <\/strong>che permettesse agli ospiti di essere parte &#8220;vivente&#8221; dell&#8217;opera d&#8217;arte che \u00e8 la Casa in s\u00e9.<br \/>\nOggi, dopo un lungo anno di lavoro posso dire di aver realizzato il mio intento. Mi auguro ora che molti di voi possano venire a godere dell&#8217;atmosfera unica che si respira qui, nella Casa dell&#8217;Artista.<\/p>\n<h2 style=\"text-align: right;\">Alessio Cisbani<\/h2>\n<p>&nbsp;<\/p>\n","protected":false},"excerpt":{"rendered":"<p>Perch\u00e8 la Casa dell&#8217;Artista? Mio padre, Silvestro Cisbani, in arte &#8220;Silci&#8221; \u00e8 stata forse la persona pi\u00f9 eclettica da me incontrata; i suoi interessi hanno spaziato dalla pittura, alla scultura passando per l&#8217;architettura e con essi ha plasmato la sua Casa che \u00e8 infatti imbevuta di tutte le sue conoscenze artistiche, tecnologiche e filosofiche; Dotato [&hellip;]<\/p>\n","protected":false},"author":1,"featured_media":0,"parent":0,"menu_order":1,"comment_status":"closed","ping_status":"open","template":"","meta":[],"_links":{"self":[{"href":"https:\/\/www.lacasadellartista.com\/blog\/wp-json\/wp\/v2\/pages\/33"}],"collection":[{"href":"https:\/\/www.lacasadellartista.com\/blog\/wp-json\/wp\/v2\/pages"}],"about":[{"href":"https:\/\/www.lacasadellartista.com\/blog\/wp-json\/wp\/v2\/types\/page"}],"author":[{"embeddable":true,"href":"https:\/\/www.lacasadellartista.com\/blog\/wp-json\/wp\/v2\/users\/1"}],"replies":[{"embeddable":true,"href":"https:\/\/www.lacasadellartista.com\/blog\/wp-json\/wp\/v2\/comments?post=33"}],"version-history":[{"count":57,"href":"https:\/\/www.lacasadellartista.com\/blog\/wp-json\/wp\/v2\/pages\/33\/revisions"}],"predecessor-version":[{"id":558,"href":"https:\/\/www.lacasadellartista.com\/blog\/wp-json\/wp\/v2\/pages\/33\/revisions\/558"}],"wp:attachment":[{"href":"https:\/\/www.lacasadellartista.com\/blog\/wp-json\/wp\/v2\/media?parent=33"}],"curies":[{"name":"wp","href":"https:\/\/api.w.org\/{rel}","templated":true}]}}